{"id":1886,"date":"2022-11-22T21:21:52","date_gmt":"2022-11-23T02:21:52","guid":{"rendered":"https:\/\/iesanta.edu.pe\/portal\/?page_id=1886"},"modified":"2026-01-13T13:06:34","modified_gmt":"2026-01-13T18:06:34","slug":"resena-historica","status":"publish","type":"page","link":"https:\/\/iestpacora.edu.pe\/portal\/resena-historica\/","title":{"rendered":"Rese\u00f1a Hist\u00f3rica"},"content":{"rendered":"\t\t<div data-elementor-type=\"wp-page\" data-elementor-id=\"1886\" class=\"elementor elementor-1886\" data-elementor-post-type=\"page\">\n\t\t\t\t\t\t\t\t\t<section class=\"default no-position elementor-section elementor-top-section elementor-element elementor-element-978e5e5 elementor-section-boxed elementor-section-height-default elementor-section-height-default\" data-id=\"978e5e5\" data-element_type=\"section\" data-settings=\"{&quot;ekit_has_onepagescroll_dot&quot;:&quot;yes&quot;}\">\n\t\t\t\t\t\t<div class=\"elementor-container elementor-column-gap-default\">\n\t\t\t\t\t<div class=\"elementor-column elementor-col-100 elementor-top-column elementor-element elementor-element-ffb0934\" data-id=\"ffb0934\" data-element_type=\"column\">\n\t\t\t<div class=\"elementor-widget-wrap elementor-element-populated\">\n\t\t\t\t\t\t\t\t<div class=\"elementor-element elementor-element-e7168c0 elementor-invisible elementor-widget elementor-widget-heading\" data-id=\"e7168c0\" data-element_type=\"widget\" data-settings=\"{&quot;_animation&quot;:&quot;fadeIn&quot;,&quot;ekit_we_effect_on&quot;:&quot;none&quot;}\" data-widget_type=\"heading.default\">\n\t\t\t\t<div class=\"elementor-widget-container\">\n\t\t\t<style>\/*! elementor - v3.16.0 - 20-09-2023 *\/\n.elementor-heading-title{padding:0;margin:0;line-height:1}.elementor-widget-heading .elementor-heading-title[class*=elementor-size-]>a{color:inherit;font-size:inherit;line-height:inherit}.elementor-widget-heading .elementor-heading-title.elementor-size-small{font-size:15px}.elementor-widget-heading .elementor-heading-title.elementor-size-medium{font-size:19px}.elementor-widget-heading .elementor-heading-title.elementor-size-large{font-size:29px}.elementor-widget-heading .elementor-heading-title.elementor-size-xl{font-size:39px}.elementor-widget-heading .elementor-heading-title.elementor-size-xxl{font-size:59px}<\/style><h1 class=\"elementor-heading-title elementor-size-default\">RESE\u00d1A HIST\u00d3RICA<\/h1>\t\t<\/div>\n\t\t\t\t<\/div>\n\t\t\t\t\t<\/div>\n\t\t<\/div>\n\t\t\t\t\t\t\t<\/div>\n\t\t<\/section>\n\t\t\t\t<section class=\"default no-position elementor-section elementor-top-section elementor-element elementor-element-dfafe19 elementor-section-boxed elementor-section-height-default elementor-section-height-default\" data-id=\"dfafe19\" data-element_type=\"section\" data-settings=\"{&quot;ekit_has_onepagescroll_dot&quot;:&quot;yes&quot;}\">\n\t\t\t\t\t\t<div class=\"elementor-container elementor-column-gap-default\">\n\t\t\t\t\t<div class=\"elementor-column elementor-col-100 elementor-top-column elementor-element elementor-element-9bf74bb\" data-id=\"9bf74bb\" data-element_type=\"column\">\n\t\t\t<div class=\"elementor-widget-wrap elementor-element-populated\">\n\t\t\t\t\t\t\t\t<div class=\"elementor-element elementor-element-16c2f5b elementor-widget elementor-widget-image\" data-id=\"16c2f5b\" data-element_type=\"widget\" data-settings=\"{&quot;ekit_we_effect_on&quot;:&quot;none&quot;}\" data-widget_type=\"image.default\">\n\t\t\t\t<div class=\"elementor-widget-container\">\n\t\t\t<style>\/*! elementor - v3.16.0 - 20-09-2023 *\/\n.elementor-widget-image{text-align:center}.elementor-widget-image a{display:inline-block}.elementor-widget-image a img[src$=\".svg\"]{width:48px}.elementor-widget-image img{vertical-align:middle;display:inline-block}<\/style>\t\t\t\t\t\t\t\t\t\t\t\t<img loading=\"lazy\" decoding=\"async\" width=\"640\" height=\"360\" src=\"https:\/\/iestpacora.edu.pe\/portal\/wp-content\/uploads\/2026\/01\/ANIVERSARIO-34-1024x576.jpg\" class=\"attachment-large size-large wp-image-95186\" alt=\"\" srcset=\"https:\/\/iestpacora.edu.pe\/portal\/wp-content\/uploads\/2026\/01\/ANIVERSARIO-34-1024x576.jpg 1024w, https:\/\/iestpacora.edu.pe\/portal\/wp-content\/uploads\/2026\/01\/ANIVERSARIO-34-300x169.jpg 300w, https:\/\/iestpacora.edu.pe\/portal\/wp-content\/uploads\/2026\/01\/ANIVERSARIO-34-768x432.jpg 768w, https:\/\/iestpacora.edu.pe\/portal\/wp-content\/uploads\/2026\/01\/ANIVERSARIO-34-1536x864.jpg 1536w, https:\/\/iestpacora.edu.pe\/portal\/wp-content\/uploads\/2026\/01\/ANIVERSARIO-34-2048x1152.jpg 2048w\" sizes=\"auto, (max-width: 640px) 100vw, 640px\" \/>\t\t\t\t\t\t\t\t\t\t\t\t\t\t\t<\/div>\n\t\t\t\t<\/div>\n\t\t\t\t\t<\/div>\n\t\t<\/div>\n\t\t\t\t\t\t\t<\/div>\n\t\t<\/section>\n\t\t\t\t<section class=\"default no-position elementor-section elementor-top-section elementor-element elementor-element-70f9651 elementor-section-boxed elementor-section-height-default elementor-section-height-default\" data-id=\"70f9651\" data-element_type=\"section\" data-settings=\"{&quot;ekit_has_onepagescroll_dot&quot;:&quot;yes&quot;}\">\n\t\t\t\t\t\t<div class=\"elementor-container elementor-column-gap-default\">\n\t\t\t\t\t<div class=\"elementor-column elementor-col-100 elementor-top-column elementor-element elementor-element-f3f3a7e\" data-id=\"f3f3a7e\" data-element_type=\"column\">\n\t\t\t<div class=\"elementor-widget-wrap elementor-element-populated\">\n\t\t\t\t\t\t\t\t<div class=\"elementor-element elementor-element-2b48e47 elementor-widget elementor-widget-spacer\" data-id=\"2b48e47\" data-element_type=\"widget\" data-settings=\"{&quot;ekit_we_effect_on&quot;:&quot;none&quot;}\" data-widget_type=\"spacer.default\">\n\t\t\t\t<div class=\"elementor-widget-container\">\n\t\t\t<style>\/*! elementor - v3.16.0 - 20-09-2023 *\/\n.elementor-column .elementor-spacer-inner{height:var(--spacer-size)}.e-con{--container-widget-width:100%}.e-con-inner>.elementor-widget-spacer,.e-con>.elementor-widget-spacer{width:var(--container-widget-width,var(--spacer-size));--align-self:var(--container-widget-align-self,initial);--flex-shrink:0}.e-con-inner>.elementor-widget-spacer>.elementor-widget-container,.e-con>.elementor-widget-spacer>.elementor-widget-container{height:100%;width:100%}.e-con-inner>.elementor-widget-spacer>.elementor-widget-container>.elementor-spacer,.e-con>.elementor-widget-spacer>.elementor-widget-container>.elementor-spacer{height:100%}.e-con-inner>.elementor-widget-spacer>.elementor-widget-container>.elementor-spacer>.elementor-spacer-inner,.e-con>.elementor-widget-spacer>.elementor-widget-container>.elementor-spacer>.elementor-spacer-inner{height:var(--container-widget-height,var(--spacer-size))}.e-con-inner>.elementor-widget-spacer.elementor-widget-empty,.e-con>.elementor-widget-spacer.elementor-widget-empty{position:relative;min-height:22px;min-width:22px}.e-con-inner>.elementor-widget-spacer.elementor-widget-empty .elementor-widget-empty-icon,.e-con>.elementor-widget-spacer.elementor-widget-empty .elementor-widget-empty-icon{position:absolute;top:0;bottom:0;left:0;right:0;margin:auto;padding:0;width:22px;height:22px}<\/style>\t\t<div class=\"elementor-spacer\">\n\t\t\t<div class=\"elementor-spacer-inner\"><\/div>\n\t\t<\/div>\n\t\t\t\t<\/div>\n\t\t\t\t<\/div>\n\t\t\t\t\t<\/div>\n\t\t<\/div>\n\t\t\t\t\t\t\t<\/div>\n\t\t<\/section>\n\t\t\t\t<section class=\"default no-position elementor-section elementor-top-section elementor-element elementor-element-a4f6c94 elementor-section-boxed elementor-section-height-default elementor-section-height-default\" data-id=\"a4f6c94\" data-element_type=\"section\" data-settings=\"{&quot;ekit_has_onepagescroll_dot&quot;:&quot;yes&quot;}\">\n\t\t\t\t\t\t<div class=\"elementor-container elementor-column-gap-default\">\n\t\t\t\t\t<div class=\"elementor-column elementor-col-100 elementor-top-column elementor-element elementor-element-ee2596c\" data-id=\"ee2596c\" data-element_type=\"column\">\n\t\t\t<div class=\"elementor-widget-wrap elementor-element-populated\">\n\t\t\t\t\t\t\t\t<div class=\"elementor-element elementor-element-fa269a8 elementor-widget elementor-widget-text-editor\" data-id=\"fa269a8\" data-element_type=\"widget\" data-settings=\"{&quot;ekit_we_effect_on&quot;:&quot;none&quot;}\" data-widget_type=\"text-editor.default\">\n\t\t\t\t<div class=\"elementor-widget-container\">\n\t\t\t<style>\/*! elementor - v3.16.0 - 20-09-2023 *\/\n.elementor-widget-text-editor.elementor-drop-cap-view-stacked .elementor-drop-cap{background-color:#69727d;color:#fff}.elementor-widget-text-editor.elementor-drop-cap-view-framed .elementor-drop-cap{color:#69727d;border:3px solid;background-color:transparent}.elementor-widget-text-editor:not(.elementor-drop-cap-view-default) .elementor-drop-cap{margin-top:8px}.elementor-widget-text-editor:not(.elementor-drop-cap-view-default) .elementor-drop-cap-letter{width:1em;height:1em}.elementor-widget-text-editor .elementor-drop-cap{float:left;text-align:center;line-height:1;font-size:50px}.elementor-widget-text-editor .elementor-drop-cap-letter{display:inline-block}<\/style>\t\t\t\t<p><strong>Rese\u00f1a Hist\u00f3rica Institucional del IESTP ACORA<\/strong><\/p><p>El\u00a0<strong>Instituto de Educaci\u00f3n Superior Tecnol\u00f3gica P\u00fablico (IESTP) Acora<\/strong>\u00a0es una instituci\u00f3n educativa que naci\u00f3 con la misi\u00f3n de contribuir al desarrollo econ\u00f3mico, social y cultural de la regi\u00f3n Puno y del pa\u00eds, formando profesionales t\u00e9cnicos altamente capacitados en diversas \u00e1reas productivas y de servicios. Fundado con el prop\u00f3sito de ofrecer una educaci\u00f3n accesible, de calidad y adaptada a las necesidades del mercado laboral, el IESTP Acora ha crecido y se ha consolidado como un referente en la formaci\u00f3n de t\u00e9cnicos de excelencia.<\/p><p>Ubicado en el distrito de Acora, en la provincia de Puno, nuestra instituci\u00f3n ha sido testigo y actor fundamental en la evoluci\u00f3n del sistema educativo t\u00e9cnico superior en el sur del Per\u00fa. A lo largo de su historia, el instituto ha logrado establecerse como una de las principales alternativas educativas para j\u00f3venes que desean acceder a una formaci\u00f3n t\u00e9cnica de alto nivel, con un enfoque integral que abarca tanto el aspecto acad\u00e9mico como el personal y profesional.<\/p><p>Desde sus inicios, el IESTP Acora se comprometi\u00f3 a ofrecer programas de formaci\u00f3n t\u00e9cnica en \u00e1reas clave para el desarrollo del pa\u00eds, como\u00a0<strong>Computaci\u00f3n e Inform\u00e1tica<\/strong>,\u00a0<strong>Producci\u00f3n Agropecuaria<\/strong>, y\u00a0<strong>Enfermer\u00eda T\u00e9cnica<\/strong>, con planes de estudio actualizados y alineados a los est\u00e1ndares del\u00a0<strong>Ministerio de Educaci\u00f3n (MINEDU)<\/strong>\u00a0y a las demandas del mercado laboral. Cada uno de estos programas se caracteriza por su enfoque pr\u00e1ctico, orientado al desarrollo de habilidades y competencias que permiten a nuestros egresados insertarse r\u00e1pidamente en el mundo laboral, contribuyendo al progreso y la competitividad del pa\u00eds.<\/p><p>A lo largo de los a\u00f1os, el IESTP Acora ha logrado superar diversos desaf\u00edos, desde la mejora continua de su infraestructura educativa hasta la implementaci\u00f3n de reformas acad\u00e9micas que aseguran que la formaci\u00f3n que brindamos est\u00e9 siempre al d\u00eda con los avances tecnol\u00f3gicos y las nuevas tendencias del mercado. Nuestra instituci\u00f3n ha adaptado sus planes de estudio a los r\u00e1pidos cambios del entorno global, garantizando que nuestros egresados cuenten con las herramientas necesarias para enfrentar los retos profesionales de un mundo cada vez m\u00e1s din\u00e1mico y competitivo.<\/p><p>La innovaci\u00f3n es uno de los pilares fundamentales de nuestra instituci\u00f3n. Con el fin de ofrecer a nuestros estudiantes una formaci\u00f3n que responda a las demandas del siglo XXI, hemos implementado modernas herramientas tecnol\u00f3gicas y metodolog\u00edas educativas activas, como el aprendizaje basado en competencias, que permite a los estudiantes desarrollar sus habilidades en situaciones pr\u00e1cticas y reales. Adem\u00e1s, contamos con laboratorios especializados y equipos tecnol\u00f3gicos de \u00faltima generaci\u00f3n, que permiten a los estudiantes aplicar sus conocimientos en un entorno controlado, pero similar al de la pr\u00e1ctica profesional.<\/p><p>Nuestro compromiso con la calidad educativa tambi\u00e9n se refleja en el desarrollo de programas de capacitaci\u00f3n continua para docentes y personal administrativo, a fin de mantenerlos actualizados con las mejores pr\u00e1cticas pedag\u00f3gicas y administrativas. Esta constante mejora de nuestro cuerpo docente es clave para garantizar una formaci\u00f3n de calidad para todos nuestros estudiantes.<\/p><p>El IESTP Acora tambi\u00e9n tiene una fuerte conexi\u00f3n con su comunidad. A trav\u00e9s de convenios con empresas locales y regionales, buscamos que nuestros estudiantes realicen pr\u00e1cticas profesionales que los vinculen directamente con el mercado laboral y con los sectores productivos del pa\u00eds. Adem\u00e1s, organizamos diversas actividades extracurriculares, como eventos acad\u00e9micos, talleres, ferias de empleo y conferencias, que permiten a los estudiantes expandir su visi\u00f3n profesional y establecer contactos importantes para su futuro.<\/p><p>Hoy en d\u00eda, el IESTP Acora se enorgullece de haber formado a miles de profesionales t\u00e9cnicos que ocupan posiciones clave en el sector productivo, empresarial y de servicios. Nuestra misi\u00f3n contin\u00faa siendo la de formar profesionales \u00edntegros, capaces de liderar el desarrollo de su comunidad y contribuir al crecimiento de la regi\u00f3n y el pa\u00eds.<\/p><p>Con este legado de excelencia, el\u00a0<strong>IESTP Acora<\/strong>\u00a0abre las puertas a una nueva generaci\u00f3n de estudiantes que desean potenciar su talento y capacidades, prepar\u00e1ndose para los retos del futuro. Los invitamos a formar parte de nuestra instituci\u00f3n, en la que no solo recibir\u00e1n una educaci\u00f3n t\u00e9cnica de calidad, sino tambi\u00e9n los valores que los acompa\u00f1ar\u00e1n en su vida profesional y personal.<\/p><p><strong>\u00a1Bienvenidos al IESTP Acora, donde formamos a los profesionales del ma\u00f1ana!<\/strong><\/p>\t\t\t\t\t\t<\/div>\n\t\t\t\t<\/div>\n\t\t\t\t\t<\/div>\n\t\t<\/div>\n\t\t\t\t\t\t\t<\/div>\n\t\t<\/section>\n\t\t\t\t<section class=\"default no-position elementor-section elementor-top-section elementor-element elementor-element-a81297a elementor-section-boxed elementor-section-height-default elementor-section-height-default\" data-id=\"a81297a\" data-element_type=\"section\" data-settings=\"{&quot;ekit_has_onepagescroll_dot&quot;:&quot;yes&quot;}\">\n\t\t\t\t\t\t<div class=\"elementor-container elementor-column-gap-default\">\n\t\t\t\t\t<div class=\"elementor-column elementor-col-100 elementor-top-column elementor-element elementor-element-ab94b1f\" data-id=\"ab94b1f\" data-element_type=\"column\">\n\t\t\t<div class=\"elementor-widget-wrap elementor-element-populated\">\n\t\t\t\t\t\t\t\t<div class=\"elementor-element elementor-element-2752af7 elementor-widget elementor-widget-bae-pdf-native-embedder\" data-id=\"2752af7\" data-element_type=\"widget\" data-settings=\"{&quot;ekit_we_effect_on&quot;:&quot;none&quot;}\" data-widget_type=\"bae-pdf-native-embedder.default\">\n\t\t\t\t<div class=\"elementor-widget-container\">\n\t\t\t\t\t<div class =\"native_style\">\n\t\t\t     \t\t<div class=\"download\">\n\t\t\t\t\t\t\t<\/div>\n\t\t<\/div>\n\t\t\t\t<div class=\"my_native\">\n\t\t\t<iframe src=\"https:\/\/iestpacora.edu.pe\/portal\/wp-content\/uploads\/2026\/01\/RESENA-HISTORICA-IESTP-ACORA.pdf\"><\/iframe>\n\t\t<\/div>\n\t\t\t<\/div>\n\t\t\t\t<\/div>\n\t\t\t\t\t<\/div>\n\t\t<\/div>\n\t\t\t\t\t\t\t<\/div>\n\t\t<\/section>\n\t\t\t\t<section class=\"default no-position elementor-section elementor-top-section elementor-element elementor-element-9a022aa elementor-section-stretched elementor-section-boxed elementor-section-height-default elementor-section-height-default\" data-id=\"9a022aa\" data-element_type=\"section\" data-settings=\"{&quot;stretch_section&quot;:&quot;section-stretched&quot;,&quot;ekit_has_onepagescroll_dot&quot;:&quot;yes&quot;}\">\n\t\t\t\t\t\t\t<div class=\"elementor-background-overlay\"><\/div>\n\t\t\t\t\t\t\t<div class=\"elementor-container elementor-column-gap-default\">\n\t\t\t\t\t<div class=\"elementor-column elementor-col-100 elementor-top-column elementor-element elementor-element-117274f\" data-id=\"117274f\" data-element_type=\"column\" data-settings=\"{&quot;background_background&quot;:&quot;classic&quot;}\">\n\t\t\t<div class=\"elementor-widget-wrap elementor-element-populated\">\n\t\t\t\t\t\t\t\t<div class=\"elementor-element elementor-element-340b6ca elementor-widget elementor-widget-image\" data-id=\"340b6ca\" data-element_type=\"widget\" data-settings=\"{&quot;ekit_we_effect_on&quot;:&quot;none&quot;}\" data-widget_type=\"image.default\">\n\t\t\t\t<div class=\"elementor-widget-container\">\n\t\t\t\t\t\t\t\t\t\t\t\t\t\t\t<img loading=\"lazy\" decoding=\"async\" width=\"640\" height=\"480\" src=\"https:\/\/iestpacora.edu.pe\/portal\/wp-content\/uploads\/2023\/11\/271583397_4689813207778987_2255047709131836691_n-1024x768.jpg\" class=\"attachment-large size-large wp-image-92698\" alt=\"\" srcset=\"https:\/\/iestpacora.edu.pe\/portal\/wp-content\/uploads\/2023\/11\/271583397_4689813207778987_2255047709131836691_n-1024x768.jpg 1024w, https:\/\/iestpacora.edu.pe\/portal\/wp-content\/uploads\/2023\/11\/271583397_4689813207778987_2255047709131836691_n-300x225.jpg 300w, https:\/\/iestpacora.edu.pe\/portal\/wp-content\/uploads\/2023\/11\/271583397_4689813207778987_2255047709131836691_n-768x576.jpg 768w, https:\/\/iestpacora.edu.pe\/portal\/wp-content\/uploads\/2023\/11\/271583397_4689813207778987_2255047709131836691_n-1536x1152.jpg 1536w, https:\/\/iestpacora.edu.pe\/portal\/wp-content\/uploads\/2023\/11\/271583397_4689813207778987_2255047709131836691_n.jpg 1560w\" sizes=\"auto, (max-width: 640px) 100vw, 640px\" \/>\t\t\t\t\t\t\t\t\t\t\t\t\t\t\t<\/div>\n\t\t\t\t<\/div>\n\t\t\t\t<div class=\"elementor-element elementor-element-a0ccde8 elementor-widget elementor-widget-text-editor\" data-id=\"a0ccde8\" data-element_type=\"widget\" data-settings=\"{&quot;ekit_we_effect_on&quot;:&quot;none&quot;}\" data-widget_type=\"text-editor.default\">\n\t\t\t\t<div class=\"elementor-widget-container\">\n\t\t\t\t\t\t\t<p>En espera de informaci\u00f3n&#8230;&#8230;.\u00a0<\/p>\t\t\t\t\t\t<\/div>\n\t\t\t\t<\/div>\n\t\t\t\t\t<\/div>\n\t\t<\/div>\n\t\t\t\t\t\t\t<\/div>\n\t\t<\/section>\n\t\t\t\t\t\t\t<\/div>\n\t\t","protected":false},"excerpt":{"rendered":"<p>RESE\u00d1A HIST\u00d3RICA Rese\u00f1a Hist\u00f3rica Institucional del IESTP ACORA El\u00a0Instituto de Educaci\u00f3n Superior Tecnol\u00f3gica P\u00fablico (IESTP) Acora\u00a0es una instituci\u00f3n educativa que naci\u00f3 con la misi\u00f3n de contribuir al desarrollo econ\u00f3mico, social y cultural de la regi\u00f3n Puno y del pa\u00eds, formando profesionales t\u00e9cnicos altamente capacitados en diversas \u00e1reas productivas y de servicios. Fundado con el prop\u00f3sito&#8230;<\/p>\n","protected":false},"author":1,"featured_media":0,"parent":0,"menu_order":0,"comment_status":"closed","ping_status":"closed","template":"elementor_header_footer","meta":{"footnotes":""},"class_list":["post-1886","page","type-page","status-publish","hentry"],"_links":{"self":[{"href":"https:\/\/iestpacora.edu.pe\/portal\/wp-json\/wp\/v2\/pages\/1886","targetHints":{"allow":["GET"]}}],"collection":[{"href":"https:\/\/iestpacora.edu.pe\/portal\/wp-json\/wp\/v2\/pages"}],"about":[{"href":"https:\/\/iestpacora.edu.pe\/portal\/wp-json\/wp\/v2\/types\/page"}],"author":[{"embeddable":true,"href":"https:\/\/iestpacora.edu.pe\/portal\/wp-json\/wp\/v2\/users\/1"}],"replies":[{"embeddable":true,"href":"https:\/\/iestpacora.edu.pe\/portal\/wp-json\/wp\/v2\/comments?post=1886"}],"version-history":[{"count":12,"href":"https:\/\/iestpacora.edu.pe\/portal\/wp-json\/wp\/v2\/pages\/1886\/revisions"}],"predecessor-version":[{"id":95197,"href":"https:\/\/iestpacora.edu.pe\/portal\/wp-json\/wp\/v2\/pages\/1886\/revisions\/95197"}],"wp:attachment":[{"href":"https:\/\/iestpacora.edu.pe\/portal\/wp-json\/wp\/v2\/media?parent=1886"}],"curies":[{"name":"wp","href":"https:\/\/api.w.org\/{rel}","templated":true}]}}